Let y be 2/2*(18/(-9) - -5). What is the hundreds digit of (-2)/3 + y + (-19649)/(-21)?
9
Let d(u) = u**2 + 5*u - 67. Let i be d(-17). Suppose w + 4*x = -82, 2*w + 3*x - 142 = 4*w. Let s = i + w. What is the units digit of s?
3
What is the thousands digit of (-581840)/(-84) - (-3 + (-16)/(-6))?
6
Suppose 0 = 4*l + 6*l - 36850. Suppose -5*b = f - 10 - 906, l = 4*f - b. What is the hundreds digit of f?
9
Let q(t) = t**3 - 9*t**2 - 10*t. Let o be q(10). Suppose 20*z - 3681 - 3799 = o. What is the hundreds digit of z?
3
Let z(v) = 272*v**2 + 464*v - 39. What is the units digit of z(-11)?
9
Suppose 4*m = 4*l - 1128, -9*l + 4*l + 1370 = 3*m. Suppose -3*h + z + 775 = 0, -h + l = -14*z + 9*z. What is the hundreds digit of h?
2
Let x be 1/(-2) - (-6762)/12. Suppose -w - 99 = -x. Suppose 0 = 2*s - 4*b + 56 - w, 208 = s - b. What is the tens digit of s?
1
Suppose 97822 = 2*b + 4*t, -280*b + 282*b + 2*t = 97806. What is the units digit of b?
5
Suppose -62*p + 93*p - 134540 = 0. What is the tens digit of p?
4
Let z = 158644 - 92016. What is the ten thousands digit of z?
6
Let s = 1674 - 1632. Let m be (2*10)/(1*-1). Let u = m + s. What is the tens digit of u?
2
Let f(v) = -21*v**3 + 13*v**2 + 25*v - 1. Let n(g) = -11*g**3 + 7*g**2 + 13*g - 1. Let k(y) = 3*f(y) - 5*n(y). What is the tens digit of k(-4)?
3
Let m(i) = i**3 - 39*i**2 - 38*i - 250. What is the units digit of m(41)?
4
Let c be 4/(-6) + (2 - (-60)/(-18)). Let k = -1 + -9. What is the tens digit of (c - -3) + 1 - (k - -2)?
1
Suppose 7*y + 11*y = -4230. Let r = y + 265. What is the units digit of r?
0
Suppose 0 = 8*o - 2*o - 1476. What is the hundreds digit of o?
2
Let d be -5 - -2 - 0 - (-108)/(-3). What is the units digit of (-6)/d + (-40960)/(-104)?
4
Let g(x) = -22*x - 138. Let h be g(10). Let b = 150 - h. What is the tens digit of b?
0
Suppose 2*p - 4*x = -1518 + 22942, p = -4*x + 10742. What is the thousands digit of p?
0
Suppose -10*t = -34199 - 7311. Suppose -t = 9*s - 16*s. What is the hundreds digit of s?
5
Suppose -4*x + 924 = -0*x. Let r = -40 + x. Suppose 2*q + 3*p = 97, 4*q - r = -2*p - p. What is the units digit of q?
7
Let j(q) = 2 + 15*q + 7*q + 2. Suppose 21*t + 14 = 2*p + 18*t, -4 = -3*p - 4*t. What is the tens digit of j(p)?
9
Let a(n) = -n**3 + 4*n**2 + 4*n - 10. Let s(p) = 5*p**2 - 1. Let g be s(-1). Let y be a(g). What is the units digit of ((-16)/y + 0)*(-792)/96?
2
Suppose -11*a - 782 = -28*a. Suppose a*x = 8914 + 36488. What is the tens digit of x?
8
Let v(y) = 2*y**2 - 37*y + 41. Suppose 0 = -5*c + 50 + 70. Let m be v(c). Suppose -2*h = 3*h - m. What is the tens digit of h?
6
Let q = 122 + -79. Let a = 37 - q. What is the units digit of ((-268)/a)/(30/135)?
1
Let m(w) = -w**3 + 5*w**2 - 7*w + 6464. What is the hundreds digit of m(0)?
4
Let i(k) = 8*k**3 - 29*k**2 + 56*k + 9. Let v(o) = 3*o**3 - 10*o**2 + 19*o + 3. Let f(u) = 4*i(u) - 11*v(u). What is the hundreds digit of f(-9)?
1
Suppose -5*s + 13154 = -2*s + 2*h, 4*s - 17546 = h. What is the thousands digit of s?
4
Suppose 48*d = -2*i + 45*d + 20920, -31352 = -3*i - d. What is the units digit of i?
8
Let v = 65 - 62. Suppose 12 = -r + 5*l, -20 = -v*r + r - l. What is the tens digit of 194*-1*(-4)/r*1?
9
Suppose -19*u + 24*u = 5*p - 9485, p - 4*u = 1918. What is the tens digit of p?
9
Suppose 36 = -3*q + 8*q + 2*l, -4*l + 12 = 0. Suppose q + 10 = 8*i. What is the units digit of (5 + i)*48/42?
8
Let y be (-3)/((0 + -2)*1/2). Suppose 0 = -m - t + 7, 18 = y*m + t + t. What is the tens digit of m/(-14) - (-2756)/91?
3
Suppose 0 = 180*l + 27*l - 2865501. What is the hundreds digit of l?
8
Suppose 5*u + 3*j = -j + 4, 2*u - 2*j + 2 = 0. Suppose u = -2*w + 145 + 501. What is the tens digit of w?
2
Suppose 4*j + j - 4945 = -5*w, w = -3*j + 2961. Let k = 1646 - j. What is the units digit of k?
0
Let w = 16067 - -15697. What is the hundreds digit of w?
7
Let c(k) be the first derivative of 60*k**2 + 295*k - 118. What is the units digit of c(7)?
5
Let h = -103 - -108. Let o = h + -7. What is the tens digit of o/(5/(-965)*2)?
9
Suppose 119*p = -202*p + 973786 + 3329219. What is the thousands digit of p?
3
Let o = 45 - 16. Suppose o + 3 = 4*p. What is the units digit of (-5024)/(-44) + p/(-44)?
4
Suppose m - 44 = -n, -n + 75 = -2*m + 16. Suppose -n = 4*c + 3. Let k = 26 + c. What is the tens digit of k?
1
Suppose 20422 = 2*g - 32378 - 10774. What is the hundreds digit of g?
7
Suppose -z = -9*z - 6*z. What is the hundreds digit of 137 - z - (-1)/(2/6)?
1
What is the units digit of 56 - -551 - 4*3?
5
Suppose -57 - 30 = -3*r. Let l(q) = 38 - q**2 - 2*q + r + 20. What is the units digit of l(0)?
7
Suppose -133*l = -132*l + 184. Let v = -58 - l. What is the tens digit of v?
2
Let d be ((-6)/4)/(30/(-40)). Suppose 5*r = -3*c - 10, 0 = 4*c - r - 4 + d. Suppose -6*o + 280 + 128 = c. What is the tens digit of o?
6
What is the units digit of (3 + (-33)/9)*107001/(-6)?
9
Let a = 4831 - 2177. Let q = -1244 + a. What is the hundreds digit of q?
4
Let i be (-132)/(-22) - (-3 + 2 - -1). What is the tens digit of (4/5)/(13447/2240 - i)?
5
Let t(z) = 44*z - 31. Let i(h) = 15*h - 10. Let s(j) = -8*i(j) + 3*t(j). What is the tens digit of s(15)?
6
Let x(l) = -22*l + 233. Let m be x(41). Let c = m + 1946. What is the hundreds digit of c?
2
Let a be (-21 + 2)/(-1 - -5 - 5). Suppose a*f - 963 = 16*f. Let n = f - 192. What is the hundreds digit of n?
1
Let z = -18500 - -33687. What is the tens digit of z?
8
Suppose 3*q + 5*l = 13178, -10*q - 17556 = -14*q - 3*l. What is the thousands digit of q?
4
Let r(d) = -d**2 - 8*d + 3. Let b be r(0). Let c(a) = 2*a**3 + 4 - 9 + 15*a - 2*a**b - 10*a**2 + a**3. What is the tens digit of c(10)?
4
Let c be ((-580)/(-18) - 14/63) + -2. Let q be (-9874)/c - 4/(-30). Let a = -223 - q. What is the units digit of a?
6
Let r be (-83)/(-3) + 3/45*5. Let m be (-8 - -10) + r/(-3)*-21. Suppose -3*j + m = -2*w, -4*j - 7*w + 2*w = -241. What is the units digit of j?
4
Suppose -166*n = -4*o - 171*n + 146162, 5*n + 10 = 0. What is the hundreds digit of o?
5
Let y = 990 - 526. Let w = 789 - y. What is the hundreds digit of w?
3
Let q(g) = -15*g**3 + 6*g**2 + 9*g - 6. Let j(i) = -i**3 + i**2. Let r(v) = -3*j(v) + q(v). What is the thousands digit of r(-5)?
1
Let j(d) = d**2 + 1127. Suppose 53*u = 50*u - 2*n + 8, -3*u + 3*n = 12. What is the hundreds digit of j(u)?
1
Suppose -5*a - 1048 = -9*a. Suppose -6*k = -5*k + a. Let w = -135 - k. What is the units digit of w?
7
Let m = -16 + 10. Let f be 75/6 - 9/m. What is the tens digit of (-13)/((-637)/f) + 292/7?
4
Let p = 7479 - 2865. What is the units digit of p?
4
Suppose 14*f - 68*f + 18954 = 0. Let x = 881 - f. What is the units digit of x?
0
Suppose -98*d - 71 - 70 = 251. Let l(j) = -29*j - 10 + 0 - 6*j. What is the units digit of l(d)?
0
Let m(k) = 5*k - 20. Let p be m(5). Suppose h = 4*f - 37 + p, 3*f = h + 24. What is the units digit of (-34)/(4/(f/(-1)))?
8
Let i(o) = -o**3 - 16*o**2 + 55*o + 4. What is the units digit of i(-24)?
2
Suppose -162156 + 41930 - 243588 = -46*t. What is the hundreds digit of t?
9
Let f be 5622/8 - (-3)/12. Suppose -3*i = 127 - f. What is the units digit of i?
2
Let t(a) = 4*a**2 - 59*a - 15. Let q be t(15). Suppose 0 = 3*j + 4*y - q*y - 2121, 3*y = 3*j - 2100. What is the hundreds digit of j?
7
Let m(k) = 2133*k + 4514. What is the hundreds digit of m(16)?
6
Let k = 207 - -7262. What is the units digit of k?
9
Suppose -5*x - 26 = -4*o, -28 = 3*x - 22. What is the hundreds digit of (-2 + 12698/35)/(o/10)?
9
Suppose 244*g - 10 = 249*g. What is the tens digit of g/13 + 7087/13?
4
Let v = 5811 + 355. What is the thousands digit of v?
6
Let x be -1*(-11 + 2) + -1. Let n be 842/14 + (-100)/700. Let u = x + n. What is the units digit of u?
8
Let w(u) = -81*u - 1957. What is the thousands digit of w(-62)?
3
Let c be 1 - (-5)/(-3) - 3076/(-6). Let y be (-31)/(-5) - 44/(-55). Suppose -y*d = -c - 538. What is the tens digit of d?
5
Let i = -869 - -3889. What is the tens digit of i?
2
Let z be (-56)/140 + (-27)/(-5). Suppose 0 = z*n + 10, 2*n = -2*x + 137 + 53. What is the tens digit of x?
9
Let m(z) be the third derivative of 187*z**5/60 - z**4/4 - z**3 + 3*z**2. Let b = 1142 - 1143. What is the hundreds digit of m(b)?
1
What is the hundreds digit of -5 - (938 - 